3*a - 34*a - 8 + 69*a. What is the units digit of c(6)?
8
Let x = 162 - 40. Suppose -12*c + 14*c - x = 0. What is the units digit of c?
1
Suppose -2*m - 732 + 2434 = 0. What is the hundreds digit of m?
8
Suppose 3*l = 3*t + 739 + 116, 4*l - 1134 = t. What is the units digit of l?
3
Suppose 0 = -5*p - 0*u - 2*u + 15, 0 = 3*p - u - 9. Suppose 0 = -p*z + 2*n + 240, -152 = -2*z + 3*n + n. What is the units digit of z?
2
What is the units digit of (-4)/(-62) + (-39492)/(-31)?
4
Let a be 7 + -30 + (0 - 0). Let v = a + 26. Suppose z = 3*z + 5*x - 113, v*z - 160 = 2*x. What is the tens digit of z?
5
Suppose -4*i + 1163 = 351. What is the tens digit of i?
0
Let y(s) = s**3 - 8*s**2 - 8*s - 10. Let q be y(9). Let z be 3*6/(-9)*q. Suppose j + 2 = -z, -5*o - 2*j = -307. What is the tens digit of o?
6
Let f(u) = u**2 - 12*u - 6. Let i(a) = a**3 + 14*a**2 + 11*a - 10. Suppose 51 + 19 = -5*n - 5*y, 16 = -n - 3*y. Let w be i(n). What is the units digit of f(w)?
8
Let x(d) = 18*d + 15. Let a be x(4). Suppose -a = 4*h - 7*h. What is the units digit of h?
9
Suppose 2*h = 6*h. Let n = h + 3. Suppose c - 17 = -k + n*k, k + 46 = 2*c. What is the tens digit of c?
2
Let b(g) be the second derivative of -1/6*g**3 + 8*g**2 + 5*g + 0. What is the tens digit of b(0)?
1
Let d = 117 - 69. What is the tens digit of d?
4
Let p(h) = 2*h**2 - 3*h + 25. Suppose t + 8 = -n, 0*n + 2 = n - 4*t. What is the hundreds digit of p(n)?
1
Let m be ((-15)/5 - 4) + -2. Let y = m - -30. What is the tens digit of y?
2
Suppose 2*k + 5*h + 263 = -3, -k - 136 = 4*h. Let j = -25 - k. What is the units digit of j?
3
Let w(b) be the first derivative of b**4/4 + 16*b**3/3 - 19*b**2/2 - 25*b + 6. What is the units digit of w(-17)?
9
Let z(r) = -r**3 + 8*r**2 - 5*r. Let l be z(7). What is the units digit of (-4)/7*l*(-3)/12?
2
Let j(w) = w**2 + 12*w + 37. Let r be j(-5). Suppose 5*g + 0 = i - 39, -4*i + 88 = -3*g. Let a = i - r. What is the units digit of a?
7
What is the units digit of 7 + 384 + (-3)/9*-3?
2
Suppose 0 = 5*d + 5, 14 = 3*x + d - 0*d. Suppose x*y - 3*k - 198 = 18, -y - 4*k + 34 = 0. What is the tens digit of y?
4
What is the hundreds digit of (-4 + 4/2)/((-60)/77280)?
5
Suppose a = -5*j + 157, 5*j + 9 = 3*a + 178. Suppose -5*h - j = -882. What is the tens digit of h?
7
Let z be 12/(33/(-6) + 4). What is the tens digit of 69/2 + 4/z?
3
Let p(n) = 2111*n**2 - 4*n - 1. What is the units digit of p(-1)?
4
Let p(b) = 2*b**3 - 18*b**2 + 3*b + 29. What is the tens digit of p(10)?
5
Let c(q) = q + 8. Let s be c(-6). Let l(v) = 7 - v**2 - 6 + 0*v**s - 10*v. What is the units digit of l(-7)?
2
Let r be (-9)/3 + (-4)/1. Let k(d) = 1. Let s(y) = 5*y + 7. Let z(l) = -4*k(l) - s(l). What is the units digit of z(r)?
4
Suppose -2*m = 2*m + 5*v + 1451, -m - 2*v - 362 = 0. What is the tens digit of (-3)/(-12)*2 + m/(-8)?
4
Let y = 1490 - -44. What is the units digit of y?
4
Suppose 0 = 3*i - 5 - 1. Suppose 2*d - i*g - 91 = 25, 0 = 5*d - 4*g - 295. What is the units digit of d?
3
Let m = 91 - 85. Suppose 5*q + 146 = m*q. What is the hundreds digit of q?
1
What is the units digit of -5 - (23 + -129)*(-13)/(-2)?
4
Let i = 1090 - 666. What is the hundreds digit of i?
4
Let n = -16 - -41. Suppose 8*l = 3*l + n. Suppose -2*p = l*q - 105, 6*p - 3*p - 3*q = 126. What is the units digit of p?
5
Let i be (-6)/4 - (-14)/4. Suppose i*r = 7 + 165. What is the tens digit of r?
8
Let a(w) = -w**3 + 4*w**2 + 5*w + 4. Let j be a(5). Suppose j*d - 90 = -d. Suppose -5*t = -2*x + 38, 3*x - d = x - 5*t. What is the tens digit of x?
1
What is the tens digit of ((-27)/(-2) + 2)*30?
6
Suppose 5*t - 30 = -s, -3*t - s = 2*s - 30. Suppose t*d = 3*m - 595, 0 = -5*d + 5*m - 174 - 411. What is the tens digit of 6/9 + d/(-6)?
2
Suppose 3*r - 439 = -3*q + 2492, 0 = -3*r - q + 2929. What is the tens digit of r?
7
Let z = -38 - -53. Let x = 32 + z. What is the tens digit of x?
4
Let f = -34 + 38. What is the units digit of 1/1*(77 - f)?
3
Let d(v) = 9*v**3 - 6*v**2 + 59*v + 5. What is the hundreds digit of d(5)?
2
Let u(n) = n**2 - 4*n + 2. Let k be u(3). Let l be (4 + k)*2/(-3). What is the units digit of (l/4)/(1/(-2))?
1
What is the hundreds digit of ((-1)/(-1))/((-24)/(-10464))?
4
Let i = -147 + 111. Let t = 144 + i. What is the hundreds digit of t?
1
Let b(f) = f. Let m be b(10). Suppose 4*z + 52 = v, -2*v = 3*z - 3*v + 39. Let c = m - z. What is the tens digit of c?
2
Suppose -4*v = 3*c - 4258, -439 + 1853 = c + 4*v. What is the tens digit of c?
2
Let u = 1614 - 880. What is the units digit of u?
4
Let m(b) = -3*b**3 + 10*b**2 + 8*b + 6. What is the tens digit of m(-6)?
6
Let v be -4 + 2 + 2 + 52. Let w = 121 - v. What is the units digit of w/6*2 + 4?
7
Let v(q) = 18*q**2 - 2*q - 1. Suppose l = 4*o - 7, -2*o = -o + 4*l - 6. What is the tens digit of v(o)?
6
Let n = -3 + 7. Suppose 3*h = 6 + 3. Suppose -4*v = -3*b + 25, -n*b + 4*v = -h - 25. What is the units digit of b?
3
Suppose 4*c = -3*v + 12, 3*v = c - 0*c - 3. Suppose c*y - 74 = -2. What is the units digit of (-3)/y - (-257)/8?
2
Let i be (-123)/(-15) - (-2)/(-10). Suppose 0 = -m - 0 - i. Let v = m + 16. What is the units digit of v?
8
What is the hundreds digit of ((-5)/((-50)/(-9420)))/((-4)/18)?
2
Let k be (2 + -54)/(2 + (-68)/32). Let b = k + -284. What is the hundreds digit of b?
1
Let g(l) = 86*l - 7. What is the tens digit of g(4)?
3
Suppose 2*h + 3 = -0*a + a, -5*h - 5*a + 15 = 0. Let j(k) = k + 10. Let b be j(h). Suppose -60 = 5*w - b*w. What is the tens digit of w?
1
Let r = 1926 + -1310. What is the hundreds digit of r?
6
Let m = 26 - 27. Let x(l) = -75*l**3 + l**2 + 4*l + 2. What is the units digit of x(m)?
4
Let a(p) = p - 6. Let f be a(8). Suppose 4*m - f = 3*m. Suppose x - m*s = 5*x - 72, -3*x = 4*s - 59. What is the units digit of x?
7
Let n(s) = 11*s**2 + 41*s + 104. What is the tens digit of n(-16)?
6
Suppose 44*s - 47*s = -12. Suppose -l + 196 = 2*p, p + 2*l - 93 = s*l. What is the tens digit of p?
9
Let k = 4 + 1. Suppose -k*x + 8*x = 204. Let d = 107 - x. What is the units digit of d?
9
Suppose 0 = -i - d - 634 + 3874, -5*d + 9716 = 3*i. What is the units digit of i?
2
Suppose 2*y = 3*m + 113, -4*y + 294 = y + 4*m. Let x = -8 + y. What is the units digit of x?
0
Suppose -5*l + 4*c - 59 = 0, 5*l + 2*c + 57 = 4*c. What is the units digit of (2/(-4))/(l/484)?
2
Let i = 83 - 45. Let n = 11 + i. What is the tens digit of n?
4
Let m = 254 + -220. What is the tens digit of m?
3
Suppose -4*x + 71 = 5*k - 25, 3*x + 103 = 5*k. Suppose 2*i = k - 16. Let y(b) = 21*b. What is the units digit of y(i)?
2
Let q be ((-1)/2)/((-3)/12). Let y(c) = 4 + q*c**3 - 3*c**3 - 3*c - 3 + 7*c**2. What is the units digit of y(6)?
9
Let a be (-6)/14 - (-31)/7. Suppose a*c + 5 - 61 = 0. Let r = 4 + c. What is the tens digit of r?
1
Let y = -5 - -7. Let n(p) = p**3 - 3*p + 3. Let h be n(y). Suppose 0 = -g + h*g - 4. What is the units digit of g?
1
Let o(s) = 4*s**3 + 4*s**2 - 73*s - 5. What is the tens digit of o(6)?
6
Suppose 2257 = 9*b - 4907. What is the units digit of b?
6
What is the thousands digit of 17 - 29 - (-1032 + -3)?
1
Suppose -6*l + 29 = -l + 4*q, 18 = 4*l - 2*q. Suppose -r = l*j + 12, 0*r + 3*r = -6. What is the units digit of -3 - (22*-1 - j)?
7
Suppose 0 = 3*z - 15, 9*l = 10*l + 3*z - 1251. What is the units digit of l?
6
Suppose c + 5 + 2 = 4*v, 4*v = -3*c + 11. Let i = c - -2. Suppose 0*y - 69 = -i*y. What is the units digit of y?
3
Suppose 1 - 3 = -l, -4162 = -4*m - l. What is the units digit of m?
0
Suppose -4*b + 8 = -4*a, -1 - 3 = 5*b + 2*a. Suppose -j - j + 92 = b. What is the units digit of j?
6
Let o be 3 + -1 - (0 + 4). Let h be 6*o/(-9)*-3. What is the units digit of 2 + (-2)/(h/34)?
9
Suppose 82*i + 891 = 85*i. What is the hundreds digit of i?
2
Let x(q) = 52*q**3 + 4*q**2 - 119*q + 625. What is the hundreds digit of x(5)?
6
Let n(t) = 15*t**2 - 22*t - 98. What is the thousands digit of n(-15)?
3
Suppose -f - 3 = 0, -2*d - 2*d - 5*f = 3. Let g(p) = p**3 - 4*p + 7. Let a be g(3). Suppose 0*q = d*h + 2*q - 70, 2*q - a = -h. What is the units digit of h?
4
Suppose 0 = t - y - 2, 4*t - y = -0*t + 11. Let i = 3 - t. Let r(c) = c**2 + c + 34. What is the tens digit of r(i)?
3
Let a be (-2)/(-4) - 74/4. Let r(z) = z**3 + 19*z**2 + 12*z - 18. Let s be r(a). Sup